3))/1 a composite number?
False
Let x(f) = 414*f**2 + 1. Is x(-2) a composite number?
False
Let g(m) = -16*m - 23. Is g(-7) a prime number?
True
Let s be 15/10*(-16)/(-3). Suppose -15 = -s*l + 5*l. Suppose -l*r + 5*f + 1270 = 0, 2*r = 3*r + 5*f - 272. Is r prime?
True
Let c = -39 + 101. Is c a prime number?
False
Suppose -4*o = -6*k + k - 2238, -1681 = -3*o + 5*k. Is o a prime number?
True
Is (0 - -2 - 4)*(-228)/24 prime?
True
Suppose -b - b = 82. Suppose -3*h - 4*q - 193 = 0, 5*h = -0*q + 2*q - 339. Let s = b - h. Is s composite?
True
Let r be 4/(-6)*9/6. Let q = 0 + r. Let w = q + 7. Is w prime?
False
Let m(o) = 0 + o**3 - 4 - o**2 - 3*o**2 + 2*o. Let x be (4/(-6))/(6/(-45)). Is m(x) prime?
True
Let n(y) = 8*y**2 - 18*y + 3. Is n(6) a composite number?
True
Suppose -4*a + a = -9. Suppose 2*b + 15 = a*b. Is b a prime number?
False
Let t = 3171 - 4507. Is t/(-7) - (-1)/7 a prime number?
True
Let p = -6 - -3. Let m be (-1344)/(-35) + p/(-5). Let i = 14 + m. Is i composite?
False
Suppose -f + 4422 = 5*f. Is f a prime number?
False
Let q(k) be the second derivative of 4/3*k**3 + 1/20*k**5 + 0 - 2*k + 7/12*k**4 + 3/2*k**2. Is q(-5) a composite number?
False
Let x(a) = a**3 + 2*a**2 + a + 2. Let p(j) = -4*j**3 - 5*j**2 - 2*j - 5. Let n(l) = 2*p(l) + 7*x(l). Let f be n(5). Is 7/(-21) - 224/f a composite number?
False
Let j = -1 + 1. Suppose j = 4*z - 69 - 107. Suppose -5*l + 10 + z = b, 38 = 3*l + 2*b. Is l prime?
False
Let j(b) = 2*b - 7. Let y be j(6). Suppose y*l - 178 = -4*w, -5*w + 0*l - 5*l = -225. Is w composite?
False
Suppose -4*v = -p + 183, 2*p + 0*v - 2*v = 336. Is p a composite number?
False
Suppose 10 = s + 3*b, s = 4*s - b - 10. Suppose s*a - 19 = -0*a - 3*c, -a = c - 4. Is a a prime number?
True
Let y(h) = 7*h + 11. Let m(v) = -10*v - 16. Let x(n) = -5*m(n) - 7*y(n). Let c be x(0). Suppose -p = -22 - c. Is p a composite number?
True
Let m be (-2)/(-4) + (-5)/(-2). Suppose 2*q = m*q - 721. Is q a prime number?
False
Is 34599/45 - (-28)/210 a prime number?
True
Suppose 3*r - 8*r + 5*k = -5, -5*k + 15 = 0. Suppose 0 = -r*c - 3*h + 28, -5*c - 2*h + 42 = -0*c. Is c a composite number?
True
Let c = -1270 + 712. Let g = c - -851. Is g prime?
True
Let y = 16140 - 7517. Is y composite?
False
Suppose -z + 6*z = 0. Suppose 5*m = -3*h + 174, -h - 4*m + 62 + 3 = z. Is h a composite number?
False
Let i = 113 + -64. Is i a prime number?
False
Is 1847/(-2 + (3 - (-1 + 1))) a prime number?
True
Suppose -5*v + 21 = -n, -v - 5*n = -2*v + 9. Suppose 16 = v*b - 0*b. Suppose 0 = -b*a + 13 + 127. Is a a prime number?
False
Let f(j) be the third derivative of -j**6/120 + 4*j**5/15 - 7*j**4/24 + 7*j**3/6 + 6*j**2. Is f(12) a composite number?
False
Let p be (-6)/(-4) + 39/6. Is (26/p)/(8/64) prime?
False
Suppose 0 = 3*s - 4*n - 8, -4*n = -s - 2 + 10. Let i = s - -7. Is i composite?
False
Let u = -4 - -6. Suppose -3 = 3*b, 0 = -3*y - u*b - 0*b - 2. Suppose -4*w + 2*w + 326 = y. Is w composite?
False
Suppose -u + 101 = -0*i + 5*i, -5*u = -3*i - 449. Is u prime?
False
Let m be 2 - (7 + -1)/3. Suppose -3*v - a - 9 = m, -5*v + 6 = 4*a + 21. Let t = 10 - v. Is t a prime number?
True
Suppose 4*o + 0*u + 3*u + 7 = 0, -3*u = -2*o + 1. Is (-483)/(-3) - (1 - o) a composite number?
True
Let a = -45 - -27. Let p be 6/27 - 194/a. Suppose 2*x = -p + 49. Is x a composite number?
False
Let d = -7 - -7. Suppose d = 3*n - 184 + 43. Is n a prime number?
True
Let y(l) = 6*l + 6. Let h be y(-3). Is h/(-24) - (-1265)/2 a composite number?
True
Let g(u) = -u**3 - u**2 - u + 3. Suppose 0 = a - 3*a. Let r be g(a). Suppose p = -r*p + 140. Is p a composite number?
True
Let f(h) = 2*h**2 + 2*h + 1. Let g be f(-2). Suppose -4*y = -g - 11. Suppose 0 = a - 3*v - 0*v - 38, y*v = 5*a - 179. Is a composite?
True
Let i = 137 - 86. Is i a composite number?
True
Let u(j) = -j**3 + 5*j**2 + 8*j + 2. Let b(f) = f**2 + f. Let g be b(-1). Let w = 6 + g. Is u(w) a composite number?
True
Let w = -73 + 130. Suppose -m = -2*i - 8, -6*i + 22 = 2*m - 4*i. Let h = w - m. Is h a composite number?
False
Is 1/(2/(-4)) + 225 composite?
False
Let a(j) = -888*j**3 + j + 2. Is a(-1) prime?
False
Let k(h) = -11*h**3 + 12*h**2 - 12*h + 13. Let p(o) be the first derivative of -5*o**4/4 + 2*o**3 - 3*o**2 + 6*o + 2. Let g(u) = 4*k(u) - 9*p(u). Is g(6) prime?
False
Let d = 3 + 2. Suppose 12 = -k - d*c, 0*k = -k - 2*c. Suppose -3*m - k + 110 = 0. Is m a prime number?
False
Let v(o) be the first derivative of o**4/4 - 3*o**3 + 2*o + 2. Let a be v(9). Suppose -a*g - g + 45 = 0. Is g composite?
True
Let s(a) = 2*a**2 - 11*a - 3*a**2 - a**2. Let k be s(-8). Let y = k + 117. Is y a prime number?
False
Suppose 3*n + 2 = -4*i, 5*n + 0*n = 5*i + 20. Let m(d) = 4 + d**3 - d + n*d + 0*d + 7*d**2. Is m(-6) a composite number?
True
Let s = 3196 + -2033. Is s a prime number?
True
Let l = -160 + 333. Suppose f = l + 49. Suppose 53 = 5*c - f. Is c a composite number?
True
Let h(v) be the third derivative of -v**5/30 - 3*v**4/8 + v**3/6 - v**2. Let g(l) be the first derivative of h(l). Is g(-8) prime?
True
Suppose 2*a - 218 = -0*a. Suppose -4*i + a + 103 = 0. Is i composite?
False
Let b(w) = -267*w + 1. Is b(-4) composite?
False
Let f(c) = 90*c + 23. Is f(5) a composite number?
True
Suppose -2*w = -2 - 2. Is ((-1)/w)/((-11)/8162) a prime number?
False
Let x be 1/(-1) + 1 - 0. Suppose s = -2*g + 9 - 4, x = -5*s + 2*g + 13. Suppose -s*b + 265 = 2*b. Is b composite?
False
Let q be -20*((-6)/4 + 0). Suppose 3*n = -0*n + q. Is n composite?
True
Suppose h - 957 + 154 = 0. Is h composite?
True
Suppose -5*d + 2*d - 3*b = 0, -5*d - 3*b = 10. Let f = 1 - d. Is f a prime number?
False
Is (7 - 5)*(-158)/(-4) a prime number?
True
Suppose 2*s = 7*s - 2*a - 463, -3*s + 276 = -3*a. Is s prime?
False
Suppose 2*j - 3 = 5. Suppose 1046 = j*g + 2*t, 0*g + g + 4*t = 279. Is g prime?
False
Let d(h) = h**2 + h + 95. Let n(i) = -i. Let s be n(0). Suppose v + 2*v = s. Is d(v) a prime number?
False
Let z = 91 - 8. Is z a prime number?
True
Let i = 273 + 280. Is i composite?
True
Suppose 2*x - 4 = -p, p - 28 = -5*x + 3*p. Suppose -x*v + 404 = 4*h, -2*v + 2*h = -6*v + 406. Suppose -3*o + v = -279. Is o composite?
False
Suppose 0 = -a + 223 + 248. Is a prime?
False
Suppose 5*u - 5*l = 102 + 738, 346 = 2*u - 4*l. Is u composite?
False
Suppose 2*i - 5*j - 4 = 0, 5*i = -j + 9 + 1. Let q = 6 - i. Let x = 9 + q. Is x prime?
True
Let i(f) = 2*f**2 - 5*f + 2. Let b be i(3). Let m(j) = j - 1. Let h be m(b). Suppose 0 = -4*y + h, 0 = -4*n - 4*y + 3*y + 125. Is n a composite number?
False
Suppose -2*i + 6 = -3*n + 49, 4*i = 16. Let t = n + -29. Let c = t - -31. Is c prime?
True
Let w be ((-4)/(-3))/((-4)/18). Is (w + 109)/((-1)/(-3)) prime?
False
Suppose s = -0*s - 17. Let m = s - -56. Is m a composite number?
True
Is (-12 - -7)*(-641)/1 a prime number?
False
Let a be (-9)/(-6) - (-1)/2. Suppose 0 = 4*y + v + 8, -2*y + 5*v = 2 + a. Is (-84)/9*3/y prime?
False
Let s(g) = 2*g**2 - 2*g + 7. Let i(a) = -2*a**2 + 3*a - 7. Let n(p) = -5*i(p) - 4*s(p). Is n(8) composite?
False
Suppose 0 = -2*u - 7*q + 4*q - 24, 5*q = 3*u - 2. Let f(t) = -t**3 - 2*t**2 + t + 5. Is f(u) composite?
True
Suppose 0 = l - 2 - 2. Suppose -339 = -3*d - l*v + 416, 0 = -3*d - v + 758. Is d a composite number?
True
Is 2*-2 + 3165 + -3 a prime number?
False
Suppose 4 - 7 = -3*d. Let c(g) = 200*g**3 + 2*g - 1. Is c(d) a composite number?
True
Let z = 244 - 407. Let w = 292 + z. Is w prime?
False
Let x be (36 - -6)*2/4. Suppose h - 7*t - 27 = -3*t, 2*h = -3*t + x. Is h prime?
False
Let n(p) = p + 1. Let z(h) = -h. Let k(i) = 2*n(i) + z(i). Let d be k(-2). Suppose -4*c + 84 = -d*c. Is c composite?
True
Is 2646 + -3 - (-10)/(-2) a composite number?
True
Let u(t) = 38*t**2 - t. Is u(-5) composite?
True
Let t = 25 + 49. Is t composite?
True
Suppose g = 1539 - 102. Is g prime?
False
Suppose 3*y - 738 - 1422 = -g, -2*y + 3*g = -1440. Suppose 5*s = -5*z - 0*z + y, -2*z - 582 = -4*s. Is s a composite number?
True
Suppose -5*t + 917 = 3*r, 3*t - 463 = -r + 84. Is t a composite number?
False
Let s(y) = -32*y + 2. Is s(-1) composite?
True
Let v(k) = 3*k**2 + 10*k + 10. Is v(-6) prime?
False
Let g(h) = h**3 + 12*h**2 - 8*h - 15. Is g(-11) composite?
True
Let c(g) = -66*g + 4. Let w be c(-6). Let l = -237 + w. Suppose 0